ctor of 173916496 and 48?
16
What is the highest common factor of 7867809 and 145445?
1531
Calculate the greatest common divisor of 25410959 and 16212.
1351
Calculate the greatest common divisor of 18890419 and 71126.
3233
Calculate the greatest common factor of 880 and 37573712.
176
Calculate the greatest common divisor of 1909998 and 8352.
522
Calculate the highest common factor of 45 and 743335155.
45
Calculate the highest common divisor of 2898 and 26104770.
414
Calculate the highest common factor of 4958087 and 2953.
2953
Calculate the greatest common divisor of 9254468 and 4.
4
Calculate the greatest common factor of 223876845 and 9585.
9585
What is the highest common divisor of 108340427 and 23426?
689
Calculate the greatest common divisor of 60 and 4844805.
15
What is the greatest common factor of 3118 and 32809155?
1559
Calculate the greatest common factor of 536890 and 5830.
530
What is the greatest common divisor of 4775082 and 62640?
174
Calculate the greatest common divisor of 1351914 and 28078.
278
What is the greatest common divisor of 18621074 and 348?
58
What is the greatest common divisor of 350 and 794318?
14
What is the highest common factor of 8636117 and 2009?
287
What is the greatest common factor of 480 and 4067776?
32
What is the greatest common divisor of 832850 and 200?
50
What is the highest common factor of 6036 and 99777595?
503
Calculate the highest common factor of 19557935 and 58995.
2185
Calculate the greatest common factor of 92141774 and 10782.
1198
Calculate the greatest common factor of 85137 and 443482.
481
Calculate the greatest common factor of 9226374 and 54.
6
What is the highest common divisor of 114832 and 38?
2
Calculate the greatest common divisor of 8260 and 903231.
413
What is the highest common factor of 36 and 39742614?
18
Calculate the highest common divisor of 18 and 1496186.
2
What is the highest common divisor of 21583716 and 56658?
2982
What is the greatest common divisor of 6335607 and 28823?
779
What is the greatest common factor of 13664 and 32480?
224
What is the greatest common factor of 30137952 and 703456?
7904
What is the highest common divisor of 9709 and 31597?
19
What is the greatest common factor of 143 and 44989?
1
Calculate the greatest common factor of 835 and 4565279.
167
Calculate the highest common factor of 134013840 and 16530.
570
What is the highest common divisor of 3176 and 104504?
8
What is the highest common divisor of 1128 and 4627884?
12
What is the highest common divisor of 210664 and 435269?
1549
Calculate the highest common factor of 66274 and 5161.
13
Calculate the greatest common divisor of 17252856 and 1332.
36
Calculate the greatest common divisor of 131 and 25406533.
131
Calculate the greatest common factor of 3841758 and 1179.
9
What is the greatest common factor of 18029 and 149745?
149
Calculate the highest common divisor of 198 and 23796036.
198
Calculate the greatest common divisor of 36 and 878573286.
18
Calculate the greatest common divisor of 5884 and 103893788.
5884
What is the highest common divisor of 31934 and 108525418?
4562
Calculate the highest common factor of 5764798 and 26.
26
What is the highest common divisor of 10000 and 3281824?
16
What is the highest common factor of 13562498 and 34?
34
What is the highest common factor of 84201 and 16575?
663
What is the highest common factor of 29184 and 13150128?
912
Calculate the highest common factor of 17533754 and 28.
14
What is the highest common divisor of 42 and 231861315?
21
Calculate the highest common divisor of 551780610 and 3.
3
What is the greatest common factor of 12312934 and 908?
454
What is the greatest common factor of 1664 and 8656141?
13
Calculate the greatest common divisor of 2321828 and 387.
43
What is the highest common divisor of 34270 and 338230?
1490
Calculate the greatest common factor of 18 and 2524692.
6
What is the greatest common divisor of 4168 and 3236152?
8
Calculate the greatest common factor of 25272645 and 45.
15
What is the highest common factor of 484 and 2704636?
44
What is the highest common divisor of 1166305758 and 138?
138
Calculate the greatest common factor of 59900955 and 495.
15
What is the greatest common factor of 126 and 8340102?
18
What is the highest common divisor of 35 and 44610503?
7
Calculate the highest common divisor of 10245 and 71823597.
2049
Calculate the greatest common factor of 7020208 and 4316.
52
Calculate the highest common factor of 6103 and 48036713.
6103
Calculate the highest common divisor of 5166 and 1089657.
369
What is the greatest common divisor of 590 and 23691745?
295
Calculate the greatest common factor of 713 and 9389807.
31
Calculate the greatest common divisor of 5736 and 1392.
24
What is the highest common factor of 1 and 5936505?
1
What is the highest common divisor of 1460 and 176416910?
730
Calculate the greatest common factor of 114 and 43786868.
38
What is the highest common divisor of 11043433 and 9089?
149
What is the greatest common factor of 10680013 and 148?
37
What is the highest common divisor of 1404 and 55597698?
702
Calculate the greatest common divisor of 103590 and 2976.
6
Calculate the greatest common factor of 6171 and 7576899.
363
Calculate the highest common divisor of 3073620 and 275.
55
Calculate the greatest common factor of 1850148 and 68968.
148
Calculate the highest common divisor of 333 and 45799821.
333
Calculate the highest common factor of 725292 and 504.
36
Calculate the highest common factor of 113268321 and 16254.
1161
What is the highest common factor of 1535302520 and 40?
40
What is the highest common divisor of 158 and 14219605?
79
What is the highest common divisor of 50860408 and 664?
664
Calculate the highest common factor of 81505600 and 44770.
1210
Calculate the highest common divisor of 148508300 and 189373.
9967
Calculate the highest common divisor of 27792 and 13608.
72
What is the greatest common factor of 1128 and 72776868?
564
What is the highest common divisor of 29640776 and 264?
88
What is the highest common divisor of 88754693 and 1686?
281
Calculate the highest common divisor of 445163049 and 1503.
1503
Calculate the greatest common divisor of 21452 and 11996.
4
Calculate the greatest common factor of 122622 and 8282442.
642
What is the greatest common factor of 547675737 and 21?
21
Calculate the highest common factor of 31 and 33349335.
31
What is the greatest common factor of 36126720 and 1470?
1470
Calculate the greatest common divisor of 405 and 593235.
45
What is the highest common divisor of 32155 and 289690?
295
What is the highest common divisor of 242636619 and 1641?
1641
Calculate the highest common factor of 16256184 and 1176.
168
What is the highest common divisor of 134811 and 1809?
27
Calculate the greatest common factor of 95160 and 2735057.
793
What is the highest common factor of 178 and 148882?
2
What is the greatest common factor of 792111 and 87628?
1153
Calculate the highest common factor of 14657979 and 42.
21
What is the greatest common divisor of 1358 and 97359676?
194
Calculate the highest common divisor of 1314464 and 336.
16
Calculate the highest common factor of 951745200 and 14.
14
What is the highest common divisor of 2083639 and 374?
17
What is the highest common divisor of 40554094 and 76?
38
Calculate the highest common factor of 22463042 and 112.
14
Calculate the highest common divisor of 21133246 and 454.
454
Calculate the highest common factor of 6133888 and 692.
692
What is the highest common divisor of 413 and 41229377?
413
What is the greatest common divisor of 148 and 153181036?
148
Calculate the highest common divisor of 5370 and 92340.
30
Calculate the greatest common divisor of 296030518 and 6258.
2086
What is the greatest common divisor of 1606 and 8954618?
146
Calculate the highest common divisor of 32544 and 78222216.
2712
Calculate the highest common factor of 5335 and 2248664.
11
What is the highest common divisor of 98685 and 211395?
255
Calculate the highest common divisor of 163493 and 968.
11
Calculate the greatest common factor of 3397 and 7416283.
79
What is the highest common divisor of 1350577357 and 1943?
1943
Calculate the highest common divisor of 18 and 25206462.
18
Calculate the highest common di